37 prime?
False
Is 259451312273 prime?
False
Is 369714734143 a prime number?
True
Is 4131191443 a composite number?
False
Is 11214609157 prime?
False
Is 586593083 composite?
False
Is 35777470169 composite?
True
Is 202720813 prime?
False
Is 5467990139 composite?
False
Is 2850183379 prime?
True
Is 32005228303 prime?
True
Is 603166649 a prime number?
False
Is 143603864891 a prime number?
True
Is 5511064291 a composite number?
True
Is 185496741481 prime?
True
Is 316465588349 a composite number?
False
Is 3427818073 a prime number?
False
Is 128174428115 composite?
True
Is 14235960779 prime?
True
Is 7550574931 a composite number?
False
Is 75855134237 composite?
False
Is 72787916933 a prime number?
False
Is 283228241 a composite number?
False
Is 317980759 a composite number?
False
Is 661137221 a prime number?
True
Is 169034777897 a prime number?
False
Is 267630101 a prime number?
True
Is 183095880901 a composite number?
False
Is 8088589489 composite?
False
Is 17427343853 composite?
True
Is 5561877109 a composite number?
False
Is 2943487502 a composite number?
True
Is 3653579929 prime?
True
Is 21188750381 a prime number?
True
Is 4214955499 prime?
True
Is 14375214691 a composite number?
False
Is 139362823 prime?
True
Is 6321909563 prime?
False
Is 145774898103 composite?
True
Is 7006913999 a composite number?
False
Is 6123173191 a prime number?
True
Is 13883110343 composite?
True
Is 505786553 composite?
True
Is 95969297 prime?
True
Is 2137757029 prime?
False
Is 513145019 composite?
True
Is 30531552917 a prime number?
False
Is 5236961519 a composite number?
True
Is 3722843119 composite?
True
Is 37638973621 a composite number?
True
Is 8388179941 a composite number?
True
Is 1787707307 prime?
True
Is 178400921 a prime number?
False
Is 493704503 a composite number?
False
Is 3874484519 a prime number?
True
Is 1651269601 a prime number?
False
Is 71272925641 a composite number?
False
Is 16269593206 prime?
False
Is 38659466059 a prime number?
True
Is 891113043 a prime number?
False
Is 11219929261 a prime number?
True
Is 7821634811 a composite number?
False
Is 946872887 prime?
False
Is 7116504355 a composite number?
True
Is 455880305 prime?
False
Is 60438350543 a composite number?
False
Is 38484371 prime?
False
Is 160299823 a composite number?
True
Is 4174403273 composite?
False
Is 609743426 composite?
True
Is 27838899929 composite?
False
Is 3149340473 a prime number?
True
Is 10543019 composite?
True
Is 17965098397 a composite number?
True
Is 10504232483 a prime number?
True
Is 1775518237 composite?
True
Is 743067641 a composite number?
True
Is 116995015279 a composite number?
False
Is 33782191889 a prime number?
True
Is 2013669037 a prime number?
True
Is 5930496091 composite?
True
Is 84133372381 composite?
False
Is 16150881251 prime?
False
Is 1825794617 a prime number?
True
Is 6603656227 a prime number?
False
Is 149144315253 a composite number?
True
Is 1172499631 a prime number?
True
Is 239844929 composite?
True
Is 104454109223 composite?
True
Is 23185117159 composite?
False
Is 271260281 composite?
True
Is 10740885367 a composite number?
True
Is 7213766587 prime?
False
Is 4381017857 a composite number?
False
Is 148612117 a composite number?
False
Is 860830589 a composite number?
False
Is 882128183 a composite number?
False
Is 1127856527 prime?
False
Is 756913093 prime?
False
Is 18818263097 composite?
False
Is 222487703 composite?
True
Is 900021757 a composite number?
True
Is 249645121 composite?
True
Is 24149021123 a composite number?
False
Is 3810290434 a prime number?
False
Is 1199363713 a composite number?
True
Is 12835116733 a prime number?
True
Is 3255828566 composite?
True
Is 69591382167 a composite number?
True
Is 11679276209 a composite number?
False
Is 5877972613 prime?
False
Is 382379927 a composite number?
False
Is 1461699997 a composite number?
True
Is 6346506237 a composite number?
True
Is 46305295697 composite?
True
Is 24728922754 a composite number?
True
Is 392476589 a prime number?
True
Is 3194400739 a prime number?
True
Is 6365270591 a composite number?
True
Is 694015649 a prime number?
True
Is 53386946053 a prime number?
False
Is 39189075187 a prime number?
False
Is 59768224889 prime?
False
Is 241985377 a composite number?
False
Is 158821433 a composite number?
False
Is 287633639 a prime number?
False
Is 64695469 a composite number?
False
Is 5639290333 prime?
True
Is 1552623269 a prime number?
False
Is 9464103823 a prime number?
False
Is 19281427339 composite?
True
Is 2996698343 a composite number?
True
Is 46837853 composite?
False
Is 16471895035 prime?
False
Is 562174919 a prime number?
True
Is 3438123991 composite?
False
Is 126629290527 composite?
True
Is 1427437991 prime?
False
Is 7991330639 composite?
False
Is 4387861267 a prime number?
False
Is 13388498779 composite?
True
Is 3082199507 a composite number?
False
Is 3908554123 composite?
False
Is 16092342479 a prime number?
False
Is 6022438957 a prime number?
True
Is 1921986623 composite?
False
Is 179095301173 prime?
True
Is 53254463 a composite number?
True
Is 98170312651 a composite number?
True
Is 9183695489 a composite number?
True
Is 1903085617 a prime number?
True
Is 15685259971 prime?
True
Is 394258087 prime?
True
Is 9263274529 a prime number?
True
Is 64811587399 prime?
False
Is 28649501269 prime?
False
Is 171662551 prime?
True
Is 1540718537 prime?
True
Is 40025661677 a prime number?
True
Is 6718791899 composite?
True
Is 5947756853 a composite number?
False
Is 13044327539 prime?
False
Is 1480107791 a prime number?
True
Is 333149137 composite?
False
Is 686003107 a prime number?
False
Is 539636753 a composite number?
True
Is 1446711997 composite?
False
Is 2091796363 prime?
False
Is 2643403381 a prime number?
True
Is 2772301651 a composite number?
True
Is 375761717 prime?
True
Is 21609314249 a composite number?
False
Is 3854340173 a composite number?
True
Is 102525955667 a prime number?
False
Is 448600417 composite?
False
Is 9866739677 composite?
False
Is 466942867 prime?
True
Is 2426880449 a composite number?
True
Is 12639957069 a prime number?
False
Is 2711018337 a prime number?
False
Is 1323087791 prime?
True
Is 114847533263 a composite number?
False
Is 27416776567 composite?
True
Is 1210738829 a prime number?
False
Is 79110685237 a prime number?
True
Is 708310567 composite?
False
Is 32939836081 a composite number?
True
Is 25171855829 a prime number?
False
Is 879496523 a prime number?
True
Is 5930278633 a prime number?
False
Is 345786013 a prime number?
True
Is 88425307 a prime number?
True
Is 21587182193 a prime number?
False
Is 24990019 prime?
False
Is 4229040493 composite?
False
Is 3709661 a composite number?
False
Is 13787576083 prime?
False
Is 24941179321 composite?
False
Is 3941426381 composite?
False
Is 780108179 a composite number?
True
Is 1750060103 composite?
True
Is 6987897859 composite?
False
Is 19789307717 prime?
True
Is 17275650673 composite?
False
Is 1222429079 a composite number?
False
Is 1307090971 prime?
False
Is 7738980659 a prime number?
False
Is 548588939 composite?
True
Is 778538759 a prime number?
False
Is 293865941 prime?
True
Is 1952788043 a prime number?
True
Is 1566651719 prime?
True
Is 1984855669 composite?
True
Is 21100104917 composite?
True
Is 12014323093 prime?
False
Is 933471895 a composite number?
True
Is 12438149783 a composite number?
True
Is 24493967417 a prime number?
True
Is 671355827 composite?
False
Is 8490138739 a composite number?
True
Is 1830977443 composite?
False
Is 786734801 a composite number?
False
Is 16164988643 prime?
True
Is 1817215171 composite?
False
Is 50103983507 a composite number?
True
Is 1190047773 composite?
True
Is 40032667 a prime number?
False
Is 13375001 a composite number?
False
Is 5367120991 a composite number?
True
Is 5314636006 a composite number?
True
Is 9439512319 prime?
True
Is 1566954253 a composite number?
False
Is 313665829 prime?
False
Is 26699098039 prime?
False
Is 372975063 a composite number?
True
Is 3135045073 composite?
False
Is 75755837 a prime number?
True
Is 2021300989 composite?
False
Is 5571689 composite?
False
Is 11681112679 composite?
False
Is 6904780343 a composite number?
True
Is 2018543087 a composite number?
True
Is 451942081 a composite number?
False
Is 2936960441 a composite number?
True
Is